{"id":11374,"date":"2025-02-03T11:47:43","date_gmt":"2025-02-03T11:47:43","guid":{"rendered":"https:\/\/www.azul-guesthouse.com\/?page_id=11374"},"modified":"2025-02-03T11:48:03","modified_gmt":"2025-02-03T11:48:03","slug":"f-a-q","status":"publish","type":"page","link":"https:\/\/www.azul-guesthouse.com\/?page_id=11374&lang=de","title":{"rendered":"F.A.Q."},"content":{"rendered":"<p>[et_pb_section fb_built=&#8221;1&#8243; theme_builder_area=&#8221;post_content&#8221; _builder_version=&#8221;4.25.2&#8243; _module_preset=&#8221;default&#8221;][et_pb_row _builder_version=&#8221;4.16&#8243; _module_preset=&#8221;default&#8221; global_colors_info=&#8221;{}&#8221; theme_builder_area=&#8221;post_content&#8221;][et_pb_column type=&#8221;4_4&#8243; _builder_version=&#8221;4.16&#8243; _module_preset=&#8221;default&#8221; global_colors_info=&#8221;{}&#8221; theme_builder_area=&#8221;post_content&#8221;][et_pb_accordion open_toggle_text_color=&#8221;#198fa8&#8243; closed_toggle_text_color=&#8221;#198fa8&#8243; icon_color=&#8221;#198fa8&#8243; _builder_version=&#8221;4.25.2&#8243; global_colors_info=&#8221;{}&#8221; theme_builder_area=&#8221;post_content&#8221;][et_pb_accordion_item title=&#8221;Wie komme ich zum Azul Guesthouse?&#8221; open=&#8221;on&#8221; _builder_version=&#8221;4.16&#8243; global_colors_info=&#8221;{}&#8221; theme_builder_area=&#8221;post_content&#8221;]Wir sind 45 Minuten vom Flughafen Agadir entfernt, mit Direktfl\u00fcgen aus England und anderen gro\u00dfen europ\u00e4ischen Flugh\u00e4fen, dauert der Flug 2-4 Stunden. Wir k\u00f6nnen den Transfer zum\/vom Flughafen Agadir f\u00fcr 30 \u20ac pro Strecke arrangieren. Andere Flugh\u00e4fen in der N\u00e4he sind Essaouira (3 Stunden Fahrtzeit) und Marrakech (3,5 Stunden), zu denen wir problemlos einen Stra\u00dfentransfer von\/nach beiden Flugh\u00e4fen organisieren k\u00f6nnen. Casablanca ist eine 6-st\u00fcndige Busfahrt von uns entfernt, Fahrplan und Preisinformationen findest Du hier. Der Transfer zum Busbahnhof Agadir kostet 20 \u20ac pro Strecke: <a href=\"https:\/\/www.lagare.ma\/en\/\" target=\"_blank\" rel=\"noopener noreferrer\">https:\/\/www.lagare.ma\/en\/<\/a>.[\/et_pb_accordion_item][et_pb_accordion_item title=&#8221;Brauche ich ein Visum f\u00fcr Marokko?&#8221; _builder_version=&#8221;4.16&#8243; global_colors_info=&#8221;{}&#8221; theme_builder_area=&#8221;post_content&#8221; open=&#8221;off&#8221;]Inhaber eines EU-Passes ben\u00f6tigen kein Visum, um zu touristischen Zwecken nach Marokko zu reisen. Dein Reisepass muss f\u00fcr die Dauer Deines Aufenthalts g\u00fcltig sein. Wenn Du einen Reisepass von au\u00dferhalb der Europ\u00e4ischen Union besitzt, empfehlen wir Dir, dich bei der n\u00e4chstgelegenen marokkanischen Botschaft zu erkundigen.[\/et_pb_accordion_item][et_pb_accordion_item title=&#8221;Wie kann ich bezahlen?&#8221; _builder_version=&#8221;4.16&#8243; global_colors_info=&#8221;{}&#8221; theme_builder_area=&#8221;post_content&#8221; open=&#8221;off&#8221;]Derzeit akzeptieren wir Bargeld, Kreditkarten (Visa\/ Mastercard mit einem Aufschlag von 3%), Bank\u00fcberweisungen und Zahlungen auf unser PayPal-Konto.[\/et_pb_accordion_item][et_pb_accordion_item title=&#8221;Was muss ich einpacken?&#8221; _builder_version=&#8221;4.16&#8243; global_colors_info=&#8221;{}&#8221; theme_builder_area=&#8221;post_content&#8221; open=&#8221;off&#8221;]Wir sind ein entspanntes Strandhaus, es ist normal, am Strand Badehose oder Bikini\/Badeanzug zu tragen und im Haus Shorts, T-Shirts und Flip-Flops. Wir w\u00fcrden empfehlen, die Arme und Beine etwas zu bedecken, wenn man in den St\u00e4dten heruml\u00e4uft. Kapuzenpullover, lang\u00e4rmelige Hosen und Pullover k\u00f6nnen besonders im Winter, wenn es nachts k\u00fchl wird, erforderlich sein.[\/et_pb_accordion_item][et_pb_accordion_item title=&#8221;Wie dick sind eure Wetsuits?&#8221; _builder_version=&#8221;4.16&#8243; global_colors_info=&#8221;{}&#8221; theme_builder_area=&#8221;post_content&#8221; open=&#8221;off&#8221;]Wir bieten 2\/3 mm Neoprenanz\u00fcge an.[\/et_pb_accordion_item][et_pb_accordion_item title=&#8221;Stellt ihr Handt\u00fccher zur Verf\u00fcgung?&#8221; _builder_version=&#8221;4.16&#8243; global_colors_info=&#8221;{}&#8221; theme_builder_area=&#8221;post_content&#8221; open=&#8221;off&#8221;]Wir stellen Handt\u00fccher f\u00fcr den Gebrauch im G\u00e4stehaus zur Verf\u00fcgung, bitte bring eigene Strandt\u00fccher\/Sarongs mit.[\/et_pb_accordion_item][et_pb_accordion_item title=&#8221;Stellt ihr einen F\u00f6hn zur Verf\u00fcgung?&#8221; _builder_version=&#8221;4.16&#8243; global_colors_info=&#8221;{}&#8221; theme_builder_area=&#8221;post_content&#8221; open=&#8221;off&#8221;]Wir haben ein paar F\u00f6hne, die Du dir ausleihen kannst. Wenn Du einen regelm\u00e4\u00dfigen Gebrauch eines F\u00f6hns garantieren m\u00f6chtest, empfehlen wir Dir, einen eigenen mitzubringen.[\/et_pb_accordion_item][et_pb_accordion_item title=&#8221;Darf ich meine Kinder mitbringen?&#8221; _builder_version=&#8221;4.16&#8243; global_colors_info=&#8221;{}&#8221; theme_builder_area=&#8221;post_content&#8221; open=&#8221;off&#8221;]Ja, wir hei\u00dfen Kinder jeden Alters willkommen. Kinder unter 2 Jahren \u00fcbernachten kostenlos. Unsere Surflehrer k\u00f6nnen hervorragend mit Kindern umgehen, von der Hilfe beim Fangen der ersten Wellen bis zum Bau von Sandburgen.[\/et_pb_accordion_item][et_pb_accordion_item title=&#8221;Kann ich einen Babysitter buchen?&#8221; _builder_version=&#8221;4.25.2&#8243; global_colors_info=&#8221;{}&#8221; theme_builder_area=&#8221;post_content&#8221; open=&#8221;off&#8221;]<\/p>\n<p>Surfen und die Zeit genie\u00dfen &#8230; Der Babysitter k\u00fcmmert sich um<br \/>Deine Kinder im Surfcamp oder am Strand.<\/p>\n<p>10 \u20ac \u00a0pro Stunde.<\/p>\n<p>[\/et_pb_accordion_item][et_pb_accordion_item title=&#8221;Mit wie vielen Jahren darf mein Kind surfen?&#8221; _builder_version=&#8221;4.16&#8243; global_colors_info=&#8221;{}&#8221; theme_builder_area=&#8221;post_content&#8221; open=&#8221;off&#8221;]Im Alter von 5 Jahren geben wir ihnen Surfunterricht mit einem Privatlehrer (f\u00fcr ihre Sicherheit ist es wichtig, dass sie schwimmen k\u00f6nnen), 8 Jahre alt + angepassten Surfunterricht.[\/et_pb_accordion_item][et_pb_accordion_item title=&#8221;Wann ist die beste Reisezeit und wie ist das Klima?&#8221; _builder_version=&#8221;4.16&#8243; global_colors_info=&#8221;{}&#8221; theme_builder_area=&#8221;post_content&#8221; open=&#8221;off&#8221;]Die S\u00fcdk\u00fcste Marokkos bietet ca. 300 Sonnentage. Im Sommer (Mai bis September) sind die Wellen perfekt f\u00fcr Anf\u00e4nger und Fortgeschrittene, mit langen sonnigen Tagen und viel Spa\u00df beim Warmwasser-Surfen. Von Oktober bis April kommen die gro\u00dfen Wellen, f\u00fcr die Marokko ber\u00fchmt ist. Auch w\u00e4hrend dieser Saison gibt es zahlreiche Orte, die kleinere Wellen f\u00fcr Anf\u00e4nger und weniger erfahrene Surfer bieten.[\/et_pb_accordion_item][et_pb_accordion_item title=&#8221;Werden Surfkurse nach Leveln geordnet?&#8221; _builder_version=&#8221;4.16&#8243; global_colors_info=&#8221;{}&#8221; theme_builder_area=&#8221;post_content&#8221; open=&#8221;off&#8221;]Ja, unsere Surflehrer werden die Kurse so organisieren, dass sich Anf\u00e4nger, Fortgeschrittene und erfahrene Surfer wohl f\u00fchlen und sich in Wellen bewegen, die ihrem Erfahrungsstand entsprechen. Wir m\u00f6chten, dass Du sich sicher f\u00fchlst, weiter lernst und Spa\u00df hast! Erfahrene Surfer k\u00f6nnen einen Surf-Guide buchen, der sie zu den zahlreichen Spots entlang der S\u00fcdk\u00fcste Marokkos f\u00fchrt.[\/et_pb_accordion_item][et_pb_accordion_item title=&#8221;Muss ich Surf und Yoga im Voraus buchen?&#8221; _builder_version=&#8221;4.16&#8243; global_colors_info=&#8221;{}&#8221; theme_builder_area=&#8221;post_content&#8221; open=&#8221;off&#8221;]Du kannst sowohl das Surfen als auch Yoga bei Deiner Ankunft buchen, je nach Verf\u00fcgbarkeit von Lehrer*innen. Es w\u00e4re hilfreich, wenn Du uns Deine Pr\u00e4ferenzen und pers\u00f6nlichen Daten (z.B. Ausleihe eines Neoprenanzugs usw.) im Voraus mitteilen w\u00fcrdest.[\/et_pb_accordion_item][et_pb_accordion_item title=&#8221;K\u00f6nnt ihr mir mehr Infos zu den Yoga Kursen geben?&#8221; _builder_version=&#8221;4.16&#8243; global_colors_info=&#8221;{}&#8221; theme_builder_area=&#8221;post_content&#8221; open=&#8221;off&#8221;]Die Yogastunden finden auf unserer Dachterrasse, am Strand oder in einem nahe gelegenen Yogastudio statt. F\u00fcr Surfer werden die Klassen auf Posen ausgerichtet, die Dir bei Deinen Vor- und Nachsurf-Sessions helfen sollen. Die morgendliche Yoga Session ist ein dynamischer Flow, um den K\u00f6rper aufzuwecken und alle Muskelgruppen f\u00fcr\u2019s Surfen zu aktivieren . Am Nachmittag\/Abend ist die Yogapraxis sanfter und erholsamer und soll dem K\u00f6rper Entspannung und Ruhe g\u00f6nnen. Der Unterricht kann auf alle Stufen der Yogapraxis zugeschnitten werden, von v\u00f6lligen Anf\u00e4ngern bis hin zu Fortgeschrittenen. Die Lage am Strand, die Meeresluft und die Sonnenunterg\u00e4nge sorgen f\u00fcr eine ganz besondere Atmosph\u00e4re w\u00e4hrend der Yogapraxis.[\/et_pb_accordion_item][et_pb_accordion_item title=&#8221;Gibt es Caf\u00e9s, Einkaufsm\u00f6glichkeiten und Restaurants in der N\u00e4he?&#8221; _builder_version=&#8221;4.16&#8243; global_colors_info=&#8221;{}&#8221; theme_builder_area=&#8221;post_content&#8221; open=&#8221;off&#8221;]Ja, wir befinden uns direkt neben dem \u201eBabakoul\u201c, einem marokkanisch inspirierten Caf\u00e9\/Restaurant, das den ganzen Tag ge\u00f6ffnet ist und Minztee, Kaffee, Pizza, Lassis und marokkanischen Cr\u00eape, etc. serviert. Es gibt auch ein beliebtes vegetarisches\/veganes Caf\u00e9, \u201eLet&#8217;s Be\u201c, das nur wenige Gehminuten entfernt liegt und farbenfrohe und lebhafte Gerichte anbietet. In Tamraght und den Nachbard\u00f6rfern Aourir und Taghazout gibt es noch viele weitere Caf\u00e9s und Restaurants. Au\u00dferdem gibt es kleine Shops in unmittelbarer N\u00e4he, um Kleinigkeiten zu kaufen. Jeden Mittwoch ist Markt in Aourir. Dort kann man Gem\u00fcse, Obst, Gew\u00fcrze, etc. kaufen. Das lohnt sich![\/et_pb_accordion_item][et_pb_accordion_item title=&#8221;K\u00f6nnt ihr mir mehr Infos \u00fcber die lokale W\u00e4hrung geben und ob man Bargeld braucht?&#8221; _builder_version=&#8221;4.16&#8243; global_colors_info=&#8221;{}&#8221; theme_builder_area=&#8221;post_content&#8221; open=&#8221;off&#8221;]Die Landesw\u00e4hrung ist der marokkanische Dirham (dhs). Geldautomaten gibt es an allen internationalen Flugh\u00e4fen und im Nachbardorf Aourir. Die meisten kleinen Verkaufsstellen und Souks bevorzugen kleinere Scheine, was zu beachten ist, wenn Du gro\u00dfe Scheine aus einem Geldautomaten nimmst.[\/et_pb_accordion_item][et_pb_accordion_item title=&#8221;Wie ist es mit dem Essen bei Azul?&#8221; _builder_version=&#8221;4.16&#8243; global_colors_info=&#8221;{}&#8221; theme_builder_area=&#8221;post_content&#8221; open=&#8221;off&#8221;]F\u00fcr die meisten unserer Pauschalangebote bieten wir Unterkunft auf Vollpensionsbasis (Fr\u00fchst\u00fcck, Lunchpaket, Nachmittagstee &amp; Abendessen). Bei allen Paketen, die nur das Fr\u00fchst\u00fcck enthalten, besteht auch die M\u00f6glichkeit, Mittag- und Abendessen hinzuzuf\u00fcgen, wenn Du hier bist.[\/et_pb_accordion_item][et_pb_accordion_item title=&#8221;Gibt es die M\u00f6glichkeit seine pers\u00f6nlichen W\u00fcnsche bzgl. des Essens anzugeben (z. B. bei Unvertr\u00e4glichkeiten)?&#8221; _builder_version=&#8221;4.16&#8243; global_colors_info=&#8221;{}&#8221; theme_builder_area=&#8221;post_content&#8221; open=&#8221;off&#8221;]Ja, bitte informiere uns im Voraus, damit wir einkaufen und die Mahlzeiten entsprechend planen k\u00f6nnen.[\/et_pb_accordion_item][et_pb_accordion_item title=&#8221;Kann ich in Marokko Wasser vom Hahn trinken?&#8221; _builder_version=&#8221;4.16&#8243; global_colors_info=&#8221;{}&#8221; theme_builder_area=&#8221;post_content&#8221; open=&#8221;off&#8221;]Einige Marokkaner machen das. Wir empfehlen dennoch, abgef\u00fclltes Wasser aus der Flasche zu trinken, was in unseren Paketen auch inklusive ist.[\/et_pb_accordion_item][et_pb_accordion_item title=&#8221;Ist Alkohol im Guesthouse erlaubt?&#8221; _builder_version=&#8221;4.16&#8243; global_colors_info=&#8221;{}&#8221; theme_builder_area=&#8221;post_content&#8221; open=&#8221;off&#8221;]Du kannst eigenen Alkohol mit in das G\u00e4stehaus bringen. Alkohol kann bei der Ankunft am Flughafen oder in Agadir gekauft werden. Einige Orte, an denen man in Agadir Alkohol kaufen kann, sind: Carrefour, Uniprix und Marjane. Beachte, dass Gesch\u00e4fte, die Alkohol verkaufen, um 20.00 Uhr schlie\u00dfen.[\/et_pb_accordion_item][et_pb_accordion_item title=&#8221;Gibt es eine Rezeption mit Telefon und Internet im Guesthouse?&#8221; _builder_version=&#8221;4.16&#8243; global_colors_info=&#8221;{}&#8221; theme_builder_area=&#8221;post_content&#8221; open=&#8221;off&#8221;]Ja, wir haben sowohl ein Telefon an der Rezeption als auch stabile Internetverbindung im gesamten Azul Surfhaus.[\/et_pb_accordion_item][et_pb_accordion_item title=&#8221;Wie bewege ich mich in der Gegend?&#8221; _builder_version=&#8221;4.16&#8243; global_colors_info=&#8221;{}&#8221; theme_builder_area=&#8221;post_content&#8221; open=&#8221;off&#8221;]Es sind nur 10 Minuten zu Fu\u00df zu unserem n\u00e4chsten Strand, Imourane Beach. Oder 5 Minuten mit dem Taxi\/ Lokalbus nach Aourir und Taghazout. Wir k\u00f6nnen Dir bei den Transfers vor Ort behilflich sein, bitte sprich uns einfach darauf an.[\/et_pb_accordion_item][et_pb_accordion_item title=&#8221;Kann ich das Azul Guesthouse exklusiv f\u00fcr einen Gruppen-\/Familienurlaub mieten?&#8221; _builder_version=&#8221;4.16&#8243; global_colors_info=&#8221;{}&#8221; theme_builder_area=&#8221;post_content&#8221; open=&#8221;off&#8221;]Ja, kannst Du &#8211; wir lieben Gruppen! Wir sind der perfekte Ort f\u00fcr Deine Familien-\/Gruppentreffen und\/oder Yoga-\/Surf-Retreats. Wir k\u00f6nnen insgesamt 26 G\u00e4ste im Azul Guesthouse unterbringen. Wenn Deine Gruppe gr\u00f6\u00dfer ist, k\u00f6nnen wir Dir weitere Unterbringungsm\u00f6glichkeiten in der N\u00e4he empfehlen.[\/et_pb_accordion_item][\/et_pb_accordion][\/et_pb_column][\/et_pb_row][\/et_pb_section]<\/p>\n","protected":false},"excerpt":{"rendered":"<p>Wir sind 45 Minuten vom Flughafen Agadir entfernt, mit Direktfl\u00fcgen aus England und anderen gro\u00dfen europ\u00e4ischen Flugh\u00e4fen, dauert der Flug 2-4 Stunden. Wir k\u00f6nnen den Transfer zum\/vom Flughafen Agadir f\u00fcr 30 \u20ac pro Strecke arrangieren. Andere Flugh\u00e4fen in der N\u00e4he sind Essaouira (3 Stunden Fahrtzeit) und Marrakech (3,5 Stunden), zu denen wir problemlos einen Stra\u00dfentransfer [&hellip;]<\/p>\n","protected":false},"author":7,"featured_media":0,"parent":0,"menu_order":0,"comment_status":"closed","ping_status":"closed","template":"","meta":{"_et_pb_use_builder":"on","_et_pb_old_content":"<!-- wp:divi\/placeholder \/-->","_et_gb_content_width":"","_joinchat":[],"footnotes":""},"class_list":["post-11374","page","type-page","status-publish","hentry"],"yoast_head":"<!-- This site is optimized with the Yoast SEO Premium plugin v23.0 (Yoast SEO v26.6) - https:\/\/yoast.com\/wordpress\/plugins\/seo\/ -->\n<title>F.A.Q.<\/title>\n<meta name=\"robots\" content=\"index, follow, max-snippet:-1, max-image-preview:large, max-video-preview:-1\" \/>\n<link rel=\"canonical\" href=\"https:\/\/www.azul-guesthouse.com\/?page_id=11374&lang=de\" \/>\n<meta property=\"og:locale\" content=\"en_US\" \/>\n<meta property=\"og:type\" content=\"article\" \/>\n<meta property=\"og:title\" content=\"F.A.Q.\" \/>\n<meta property=\"og:description\" content=\"Wir sind 45 Minuten vom Flughafen Agadir entfernt, mit Direktfl\u00fcgen aus England und anderen gro\u00dfen europ\u00e4ischen Flugh\u00e4fen, dauert der Flug 2-4 Stunden. Wir k\u00f6nnen den Transfer zum\/vom Flughafen Agadir f\u00fcr 30 \u20ac pro Strecke arrangieren. Andere Flugh\u00e4fen in der N\u00e4he sind Essaouira (3 Stunden Fahrtzeit) und Marrakech (3,5 Stunden), zu denen wir problemlos einen Stra\u00dfentransfer [&hellip;]\" \/>\n<meta property=\"og:url\" content=\"https:\/\/www.azul-guesthouse.com\/?page_id=11374&amp;lang=de\" \/>\n<meta property=\"og:site_name\" content=\"Azul Guesthouse\" \/>\n<meta property=\"article:publisher\" content=\"https:\/\/www.facebook.com\/azulguesthouse\/\" \/>\n<meta property=\"article:modified_time\" content=\"2025-02-03T11:48:03+00:00\" \/>\n<meta property=\"og:image\" content=\"https:\/\/www.azul-guesthouse.com\/wp-content\/uploads\/2020\/06\/azul-terrasse-thumbnail.jpg\" \/>\n\t<meta property=\"og:image:width\" content=\"1920\" \/>\n\t<meta property=\"og:image:height\" content=\"1200\" \/>\n\t<meta property=\"og:image:type\" content=\"image\/jpeg\" \/>\n<meta name=\"twitter:card\" content=\"summary_large_image\" \/>\n<meta name=\"twitter:site\" content=\"@azulguesthouse\" \/>\n<!-- \/ Yoast SEO Premium plugin. -->","yoast_head_json":{"title":"F.A.Q.","robots":{"index":"index","follow":"follow","max-snippet":"max-snippet:-1","max-image-preview":"max-image-preview:large","max-video-preview":"max-video-preview:-1"},"canonical":"https:\/\/www.azul-guesthouse.com\/?page_id=11374&lang=de","og_locale":"en_US","og_type":"article","og_title":"F.A.Q.","og_description":"Wir sind 45 Minuten vom Flughafen Agadir entfernt, mit Direktfl\u00fcgen aus England und anderen gro\u00dfen europ\u00e4ischen Flugh\u00e4fen, dauert der Flug 2-4 Stunden. Wir k\u00f6nnen den Transfer zum\/vom Flughafen Agadir f\u00fcr 30 \u20ac pro Strecke arrangieren. Andere Flugh\u00e4fen in der N\u00e4he sind Essaouira (3 Stunden Fahrtzeit) und Marrakech (3,5 Stunden), zu denen wir problemlos einen Stra\u00dfentransfer [&hellip;]","og_url":"https:\/\/www.azul-guesthouse.com\/?page_id=11374&lang=de","og_site_name":"Azul Guesthouse","article_publisher":"https:\/\/www.facebook.com\/azulguesthouse\/","article_modified_time":"2025-02-03T11:48:03+00:00","og_image":[{"width":1920,"height":1200,"url":"https:\/\/www.azul-guesthouse.com\/wp-content\/uploads\/2020\/06\/azul-terrasse-thumbnail.jpg","type":"image\/jpeg"}],"twitter_card":"summary_large_image","twitter_site":"@azulguesthouse","schema":{"@context":"https:\/\/schema.org","@graph":[{"@type":"WebPage","@id":"https:\/\/www.azul-guesthouse.com\/?page_id=11374&lang=de","url":"https:\/\/www.azul-guesthouse.com\/?page_id=11374&lang=de","name":"F.A.Q.","isPartOf":{"@id":"https:\/\/www.azul-guesthouse.com\/#website"},"datePublished":"2025-02-03T11:47:43+00:00","dateModified":"2025-02-03T11:48:03+00:00","breadcrumb":{"@id":"https:\/\/www.azul-guesthouse.com\/?page_id=11374&lang=de#breadcrumb"},"inLanguage":"en-US","potentialAction":[{"@type":"ReadAction","target":["https:\/\/www.azul-guesthouse.com\/?page_id=11374&lang=de"]}]},{"@type":"BreadcrumbList","@id":"https:\/\/www.azul-guesthouse.com\/?page_id=11374&lang=de#breadcrumb","itemListElement":[{"@type":"ListItem","position":1,"name":"Azul Surf Camp","item":"https:\/\/www.azul-guesthouse.com\/"},{"@type":"ListItem","position":2,"name":"F.A.Q."}]},{"@type":"WebSite","@id":"https:\/\/www.azul-guesthouse.com\/#website","url":"https:\/\/www.azul-guesthouse.com\/","name":"Azul Guesthouse","description":"Surf, yoga and chill in Morocco","publisher":{"@id":"https:\/\/www.azul-guesthouse.com\/#organization"},"potentialAction":[{"@type":"SearchAction","target":{"@type":"EntryPoint","urlTemplate":"https:\/\/www.azul-guesthouse.com\/?s={search_term_string}"},"query-input":{"@type":"PropertyValueSpecification","valueRequired":true,"valueName":"search_term_string"}}],"inLanguage":"en-US"},{"@type":"Organization","@id":"https:\/\/www.azul-guesthouse.com\/#organization","name":"Azul Guesthouse","url":"https:\/\/www.azul-guesthouse.com\/","logo":{"@type":"ImageObject","inLanguage":"en-US","@id":"https:\/\/www.azul-guesthouse.com\/#\/schema\/logo\/image\/","url":"https:\/\/www.azul-guesthouse.com\/wp-content\/uploads\/2020\/07\/azulguesthouse-logo.png","contentUrl":"https:\/\/www.azul-guesthouse.com\/wp-content\/uploads\/2020\/07\/azulguesthouse-logo.png","width":345,"height":200,"caption":"Azul Guesthouse"},"image":{"@id":"https:\/\/www.azul-guesthouse.com\/#\/schema\/logo\/image\/"},"sameAs":["https:\/\/www.facebook.com\/azulguesthouse\/","https:\/\/x.com\/azulguesthouse","https:\/\/www.instagram.com\/azulguesthouse\/","https:\/\/www.youtube.com\/channel\/UC_LJ6_SKl6EcfjvE9n_UVTA"],"description":"Le surf camp Azul Guesthouse vous propose de surfer au Maroc quelque soit votre niveau, tout en profitant d'un h\u00e9bergement exceptionnel!","email":"contact@azul-guesthouse.com","telephone":"+212673575021"}]}},"lang":"de","translations":{"de":11374,"en":11368,"fr":11363,"it":13135},"pll_sync_post":[],"_links":{"self":[{"href":"https:\/\/www.azul-guesthouse.com\/index.php?rest_route=\/wp\/v2\/pages\/11374","targetHints":{"allow":["GET"]}}],"collection":[{"href":"https:\/\/www.azul-guesthouse.com\/index.php?rest_route=\/wp\/v2\/pages"}],"about":[{"href":"https:\/\/www.azul-guesthouse.com\/index.php?rest_route=\/wp\/v2\/types\/page"}],"author":[{"embeddable":true,"href":"https:\/\/www.azul-guesthouse.com\/index.php?rest_route=\/wp\/v2\/users\/7"}],"replies":[{"embeddable":true,"href":"https:\/\/www.azul-guesthouse.com\/index.php?rest_route=%2Fwp%2Fv2%2Fcomments&post=11374"}],"version-history":[{"count":2,"href":"https:\/\/www.azul-guesthouse.com\/index.php?rest_route=\/wp\/v2\/pages\/11374\/revisions"}],"predecessor-version":[{"id":11376,"href":"https:\/\/www.azul-guesthouse.com\/index.php?rest_route=\/wp\/v2\/pages\/11374\/revisions\/11376"}],"wp:attachment":[{"href":"https:\/\/www.azul-guesthouse.com\/index.php?rest_route=%2Fwp%2Fv2%2Fmedia&parent=11374"}],"curies":[{"name":"wp","href":"https:\/\/api.w.org\/{rel}","templated":true}]}}